nits digit of w?
7
Let n be 2/7 - (-776)/28. Let a(q) = 2*q + 7. Let s be a(-16). Let u = n + s. What is the units digit of u?
3
Suppose 2*d = -5*w + d + 2, 3*w + 3*d = 6. Let l = -68 - -68. Suppose w = -l*t - 2*t + 52. What is the tens digit of t?
2
Let p(x) = -29*x + 744. What is the tens digit of p(0)?
4
Let i(r) = -r**3 + 5*r**2 - 2*r - 7. Let w be i(3). Let l(k) = 54*k + 3. What is the hundreds digit of l(w)?
2
Suppose 4*n = 2*a - 20, 5*n + 10 = -5. What is the tens digit of 1 - -28 - (0 + a)?
2
Let g(n) = n + 8. Suppose 4*z + 18 = -2. Let s be g(z). Suppose s*y + 48 = 5*y. What is the tens digit of y?
2
Let c(k) = -k + 5. Let f be c(2). Suppose f*n - 214 = -4. What is the units digit of n?
0
Let m be ((-19)/4 - 0)*4. Let g(f) = -6*f - 47. What is the tens digit of g(m)?
6
Let f(g) = g**3 + 13*g**2 + g + 17. Let i be f(-13). Suppose 2*h = i*d - 20, 7*d + 4*h - 32 = 3*d. Suppose d*s - 170 = s. What is the tens digit of s?
3
Suppose -38 - 1 = -4*f + u, -3*u = f. Let s = f - -11. Suppose t - x = -2*t + 60, t - s = -3*x. What is the units digit of t?
0
Suppose 3*s + 192 = -s + 2*t, -t - 104 = 2*s. Let m be (-2)/(-5) + (-180)/s. Let j = 9 - m. What is the units digit of j?
5
What is the thousands digit of ((-12)/16)/(9/(-47364))?
3
Let r = -37 - -11. Let y = r + 56. Suppose j - y = -q - 2, j = 4. What is the tens digit of q?
2
Let s be (0 - (-6)/(-2))*2. Let f(d) = -d**3 - 3*d**2 + 14*d. Let h be f(s). What is the tens digit of (h - (-4 + 5)) + 1?
2
Suppose 3*s = 2*x - x - 11, -2*x = -5*s - 18. Let k be 2/(4 - 18/5). Let g = x + k. What is the units digit of g?
4
Let y = 1771 + -621. Suppose -y = -5*d + 5*i, 3*d + i = 690 - 4. What is the hundreds digit of d?
2
Let a(l) = -22*l - 5. Let z(y) = -23*y - 6. Let i(s) = 5*a(s) - 4*z(s). Let d(n) = -n**3 + 8*n**2 + 2*n - 17. Let p be d(8). What is the units digit of i(p)?
7
Suppose n = -0*g + 3*g - 16, 2*n + 12 = 2*g. What is the units digit of 3 - -4*(n - -7)?
7
Let y = -20 + 20. Let d(k) = k**3 - k**2 - k - 89. Let s be d(y). Let g = -31 - s. What is the tens digit of g?
5
Let w(d) = 54*d**3 - 11*d**2 - d + 3. What is the hundreds digit of w(2)?
3
Let o(f) = -f**3 - 3*f**2 - 6*f - 7. Let p be ((-16)/12*-6)/(-2). What is the tens digit of o(p)?
3
Let w be (-4)/((-12)/21) - 0. Let q(t) = w + 5 - 2*t**2 - 12*t + 3 + 3*t**2. What is the units digit of q(11)?
4
Let a(b) = 2*b + 1. Let o be 3/(-3) + (-36)/2. Let r = 25 + o. What is the units digit of a(r)?
3
Let d(q) = 585*q + 38. What is the thousands digit of d(5)?
2
Let p be 6/(-27) - (-3 + (-74)/9). Suppose p*j = 7*j + 996. What is the tens digit of j?
4
Let l(f) = 2*f**2 + 5*f + 3. Let j be l(-6). Let i be (24/(-9))/((-14)/21). What is the units digit of j*((-32)/(-12))/i?
0
Let r(m) = 384*m - 3. What is the units digit of r(3)?
9
Suppose 60 = 3*o - 135. Let l = 125 - o. Suppose k - 4*k = -l. What is the units digit of k?
0
Suppose -302*i = -301*i - 1161. What is the thousands digit of i?
1
Suppose -2*w = 2*w - 24. Suppose -k - 2*r = -197, -4*k + w*r - 2*r + 740 = 0. What is the units digit of k?
9
Let p = -61 + 130. Let a = p + 93. What is the hundreds digit of a?
1
Suppose -4783 = -11*m + 8*m - c, -2*m + 3206 = 5*c. What is the units digit of m?
3
Let r(w) = -3*w**2 - 13*w**2 + w**3 + 6*w**2 + 1 + 10*w. Suppose -54 = -5*f - 3*l, 0 = -2*l + 3 + 3. What is the units digit of r(f)?
0
Let a = -57 + 59. Suppose a*k - 188 = -4*h, -3*h - k + 2*k = -151. What is the units digit of h?
9
Suppose 2*m - 32 = -2*g - 0*g, -4*g - 4 = 0. Let i be (m/2)/(1/16). Suppose -h + i = h. What is the units digit of h?
8
Let r be 52/8*-1*-8. Suppose -2*c = -r - 6. What is the tens digit of c?
2
Suppose -2 - 8 = -2*x. Suppose -x*g = -183 - 452. Suppose -5*p - 22 = -g. What is the tens digit of p?
2
Suppose 3027 = 5*l + 2*f - f, -f - 1208 = -2*l. What is the tens digit of l?
0
Let w(p) = 3*p**2 + 5*p - 12. Let z(y) = -3*y**2 - 5*y + 11. Let d(q) = 6*w(q) + 5*z(q). What is the hundreds digit of d(10)?
3
Let t = -10 - -15. Suppose 5*p + 17 = 3*f, 0 = 2*f + 2*p + p - t. What is the units digit of (-2)/(-6) + f/6?
1
Let l = -91 + 25. Let a = l - -138. What is the units digit of a?
2
Let s be (-4)/((-8)/(-44) - 13/11). Let v(i) = i**3 - 4*i + 3. Let b be v(4). Suppose b = s*l - 29. What is the units digit of l?
0
Suppose -419*f = -421*f + 2266. What is the tens digit of f?
3
Let u(l) = -l - 12. Let x(r) = r**3 + 6*r**2 + 8*r + 6. Let o be x(-5). Let m be u(o). Let n = m - -19. What is the units digit of n?
6
Let j = 354 - 347. What is the units digit of j?
7
Suppose 0 = 6*m - 4*m + 32. Let o be (12/10)/(3/30). What is the units digit of o/m + (-150)/(-8)?
8
Suppose -5*z + r = -29, -4*z = 4*r - 0*r - 28. What is the hundreds digit of 56*(-11)/(-6) + (-4)/z?
1
What is the units digit of ((-4304)/(-12))/(20/(-12) - -3)?
9
Let d(b) = -b**3 + 12*b**2 - 11*b. Let w be d(11). What is the tens digit of w + 5 + (-1 - -122)?
2
Suppose -10*p + 14*p = 80. What is the units digit of 2/(-4)*(-5)/(p/1832)?
9
Let k = 1211 - 796. What is the hundreds digit of k?
4
Suppose -2*l + 4 = 2, h + l + 6 = 0. Let j = h - 1. What is the units digit of (j/6)/(2/(-42))?
8
Let r = -124 - -449. What is the hundreds digit of r?
3
Suppose 3*l + 138 = 9*l. Suppose -22 = -2*u + 4*u. Let h = l + u. What is the tens digit of h?
1
Let p = -4802 + 8665. What is the tens digit of p?
6
Suppose -5*g = -5*p + 2740, -3*p - 4*g + 290 + 1375 = 0. What is the tens digit of p?
5
Suppose 0 = -2*f + 4, -5*r + 0*r = 5*f - 40. Suppose 0*d = -d - r. What is the tens digit of (-117)/d*4/3?
2
Suppose 1655 = 3*y - 5*n, 0 = y - 2*y - 2*n + 548. What is the units digit of y?
0
Let i(t) = t**2 + 7*t - 5. Let y be i(-9). Suppose -3*x + y - 75 = -5*d, 5*x + 8 = d. What is the tens digit of d?
1
Let h = -4 - -7. Suppose 2*d - 2*l - 52 = 4*d, -h*d = 2*l + 83. Let f = d + 56. What is the units digit of f?
5
Suppose 0 = -4*b + 262 + 1342. Suppose 3*f - b = -206. What is the tens digit of f?
6
What is the units digit of 34 - (1 + 1 - 4)?
6
Let d(y) = 21*y**2 - 3*y - 1. Let g(t) = 21*t**2 - 4*t - 1. Let i(o) = 4*d(o) - 3*g(o). Let l be (2 - 0)/(1*-2). What is the units digit of i(l)?
0
Let v be (1 + 0)*(13 + -50). Let l = -5 - v. What is the tens digit of l?
3
Suppose -m - 17 = -2*m. Suppose 27 + m = y. What is the units digit of y?
4
Suppose -2 = 4*j - 14. Suppose h + j - 21 = 0. Let o = 27 - h. What is the units digit of o?
9
Let i(a) = -a**2 + a + 3. Let v be i(2). Let r be -1 + v - 3 - -3. Suppose r = -4*z + d + 213, -2*z + 39 = -z - 5*d. What is the tens digit of z?
5
Let c(f) = -f + f + 2*f + 2*f + 9. What is the tens digit of c(15)?
6
Let y(t) = -2*t**3 + 53*t**2 + 51*t + 17. What is the tens digit of y(26)?
1
Let s(h) = -h**3 + 12*h**2 - 9*h - 14. Let b be s(11). Let v(w) = 0*w + b - 3 + w. What is the tens digit of v(8)?
1
Let o(a) = 8*a**2 - 3*a - 68. What is the units digit of o(-7)?
5
Let u = -568 - -250. What is the tens digit of (u/18)/(1/(-3))?
5
Suppose 3*h - 84 = 5*s, -4*s - s = 5*h - 100. Let b = -22 + h. What is the tens digit of -17*(b/(-1) + 0)?
1
Suppose 4*u - 3*v = 8124, 12*u = 8*u + 2*v + 8128. What is the thousands digit of u?
2
What is the units digit of ((-27)/(-6) + (-77)/22)*675?
5
Suppose 3*b - 31 = p - 5*p, -b = -4*p + 11. Suppose b*s = 34 + 111. Suppose 0 = -3*n + 98 - s. What is the tens digit of n?
2
Suppose -x + p + 6 = 0, p = 5*x + 6*p - 30. Suppose -x*m = -10*m + 296. Suppose 11*f - 9*f = m. What is the tens digit of f?
3
Let y(z) = -225*z - 657. Let b(r) = -14*r - 41. Let m(w) = 33*b(w) - 2*y(w). What is the tens digit of m(-10)?
8
Suppose 10*b - 7*b = -42. What is the units digit of (-3 - b/10)/(3/(-90))?
8
Let p = 27 - 20. Suppose 3*q - 53 = -2*n + 6*q, 3*n = 5*q + 79. Let v = n - p. What is the units digit of v?
1
Let a(r) = r**3 + r**2 - r + 2. Let g be a(-2). What is the units digit of (-3 - g - -35)*(-1)/(-2)?
6
Let f be -2 + (-2)/(-2) + 1. Suppose f*l - 94 = l + 5*w, -5*l + w = 340. Let u = -48 - l. What is the units digit of u?
1
Let x = 10 + -4. Let y(g) = -g**3 + g**2 + 1. Let o(t) = -4*t**3 - 2*t**2 + 8*t - 3. Let i(k) = o(k) - 5*y(k). What is the units digit of i(x)?
4
Let k(n) = 53*n**2 + n + 1. Let u be k(-1). Let w = 160 - u. What is the hundreds digit of w?
1
Let t = 95 - -44. What is t